 and v?
3
Let z = 5 + 48. Calculate the highest common factor of 424 and z.
53
Suppose -2*v - 4 = j, 3*v + 14 = j - v. Calculate the greatest common factor of j and 146.
2
Let v(s) be the third derivative of -3*s**3 - 1/3*s**4 + 0*s + 0 - 3*s**2. Let r be v(-6). Calculate the greatest common divisor of 75 and r.
15
Suppose 2*p = k - 53 - 23, -203 = -3*k + p. Calculate the highest common divisor of 242 and k.
22
Let f(v) = 3*v + 35. Let o be f(-11). Suppose 0*s = 4*s - 16. What is the highest common factor of s and o?
2
Suppose 5*x = -0*x + 55. Let j = -14 - -18. Let l = x - j. Calculate the highest common divisor of l and 14.
7
Let c be -36*1*(-1116)/27 - 6. Calculate the highest common divisor of c and 26.
26
Suppose 5*y = 22 + 18. Let d be 1 + (-9)/8 + 217/y. Calculate the highest common factor of 108 and d.
27
Let m = -6 - -286. Calculate the greatest common factor of m and 10.
10
Suppose -6*r = 5 - 29. Suppose -154 = -r*q + 6. Calculate the greatest common divisor of 20 and q.
20
Suppose 11 - 41 = -3*t. Let i = -2 + 4. Suppose -4*j - 2 = -14, i*x - j - 57 = 0. Calculate the highest common factor of t and x.
10
Let n = 26 - 15. Let s(c) = -c**3 - c**2 + c. Let f be s(2). Let w = f + 32. What is the highest common factor of n and w?
11
Suppose -115 = -9*j + 4*j + 3*l, -3*l + 45 = 3*j. Let i = 229 + -89. Calculate the greatest common divisor of i and j.
20
Let k = -1 - -2. Let u be (16/10 - 2) + 140/(-25). Let y be u/(-3)*(2 + (-6)/4). Calculate the highest common divisor of k and y.
1
Let w be (9/6)/(12/208). Let y = 3 + 62. What is the greatest common factor of w and y?
13
Suppose -23*c = -17*c + 666. Let f = c - -123. Calculate the greatest common divisor of 60 and f.
12
Let l = -4 - 4. Let r = l + 9. Suppose 0 = v + 3*q - 5 - 6, 4*v = 3*q - r. Calculate the greatest common divisor of 5 and v.
1
Suppose 10*j - 20 - 10 = 0. What is the greatest common divisor of 12 and j?
3
Let t = -20 + 30. Suppose 16 = 3*f - 59. What is the highest common factor of t and f?
5
Suppose -183 + 1065 = 63*w. Calculate the greatest common factor of w and 1526.
14
Suppose 3*y - 12 = 5*i, 10*i - 6*i + 6 = 2*y. Suppose -o + y + 11 = 0. What is the highest common divisor of o and 140?
20
Suppose -3*a + 7*a + 16 = 0. Let k = -2 - a. Suppose 182*o + 1701 = 2180 + 2797. What is the greatest common factor of o and k?
2
Let f(i) = -i**3 - 16*i**2 - 20*i + 15. Suppose -27 = 3*u + 18. Let l be f(u). Suppose -l = -2*g + 260. What is the greatest common factor of 35 and g?
35
Suppose 3*r = 67*j - 72*j + 46, -4*j = -r - 13. Let l(h) = 16*h + 1. Let f be l(4). Calculate the greatest common factor of j and f.
5
Let x be (4/6)/(80992/(-5400) - -15). Calculate the greatest common factor of x and 120.
30
Suppose -2*h - k - 181 = -3*h, -4*k + 181 = h. Let o = h + -93. What is the greatest common factor of o and 8?
8
Let h be 2405/10 + ((-15)/6 - -2). Suppose -4*s + h = 6*s. What is the greatest common divisor of 12 and s?
12
Let y = 17 - 8. Let n(s) = -s**3 - 13*s**2 - 3*s + 12. Let w be n(-13). Let p = w + -42. What is the greatest common factor of p and y?
9
Let v = 78 + -76. Suppose 6 = 2*p + v*s, -4*s + 7 + 13 = 5*p. What is the greatest common divisor of 28 and p?
4
Let y be (-18 - (-8)/(-4))/(6/(-15)). Calculate the highest common divisor of y and 175.
25
Suppose -4*t = -3*t - 5. Let i = t + -4. Suppose -4*q + 2*p + 9 = 3, -q + 2*p = 0. Calculate the greatest common divisor of q and i.
1
Let s be 50 - (-2 + (-1 - -1)). Let n = 0 + s. Calculate the greatest common divisor of n and 26.
26
Suppose -3*u = -8*u + 10. Suppose -u*j = 4*i - 148, 7*i - 3*i = 5*j + 134. What is the highest common divisor of i and 4?
4
Let z = 85 - 29. Suppose -13*l = -1429 + 1338. Calculate the greatest common factor of l and z.
7
Let t be (2 + -5)*(-42)/9. Let k(c) = c**3 - 15*c**2 + 18*c + 16. Let s be k(t). Calculate the highest common divisor of s and 3.
3
Let r be 5/(6/(-420)*-5). Let v be (-104)/(-10) - 6/15. What is the highest common divisor of v and r?
10
Let v be -2 - (-12)/3*1. Suppose 5*o - 20 = 0, -5*a + 44 = -v*o + 2. Calculate the highest common divisor of a and 40.
10
Let l = -16 - -16. Let u(s) = -4*s - s**3 - 8*s + 15*s**2 + l*s - 17. Let h be u(14). What is the greatest common factor of 99 and h?
11
Let a = -2 + 6. Let s(w) = w**3 + 7*w**2 - 3*w - 15. Let q be s(-7). What is the highest common factor of a and q?
2
Let j(u) = -u**2 - 32*u - 28. Let g be j(-25). What is the highest common factor of g and 84?
21
Suppose -50*b = -b - 5390. Calculate the greatest common divisor of b and 22.
22
Let m(x) = -2*x + 4*x**2 - 2*x**2 + 5*x**2 + 6 + 25*x. Let b be m(-5). Calculate the highest common factor of 6 and b.
6
Let n(u) = -2*u**3 + 5*u**2 + 4*u - 1. Let p(q) = q**3 - q**2 - q - 1. Let k(x) = n(x) + p(x). Let t be k(4). What is the highest common factor of t and 80?
10
Suppose -4*l = -4*b - 192, 186 = 4*l - 9*b + 7*b. Calculate the highest common divisor of 315 and l.
45
Let g = 273 + -256. Let c(a) = 4*a**2 + 4. Let p be c(4). What is the highest common factor of g and p?
17
Let f = 27 + 15. Suppose -7*h + f = -4*h. Suppose k + 612 = 6*d - 2*d, 3*k - 12 = 0. Calculate the greatest common factor of d and h.
14
Suppose 3*u = 4*s + 2*u - 91, 5*s - 115 = u. Suppose 8*c - 16 = s. Let p be ((-2)/2 - 0) + 6. What is the greatest common divisor of p and c?
5
Suppose -7*m = -241 - 67. Calculate the greatest common factor of m and 11.
11
Suppose 1 = -b - 2*h, 5*b - 4*h + 7*h = -12. Let j = b + 5. Suppose -j*n = 3*f - 245, -5*f + 200 - 745 = -4*n. Calculate the greatest common factor of n and 13.
13
Let b be (-8)/(-48) + 23/6. Suppose -10*z + b*z + 96 = 0. Let k = z - -5. Calculate the highest common factor of 126 and k.
21
Let d = -426 - -452. Calculate the greatest common divisor of d and 286.
26
Let u be (-6)/((-24)/244) + 7 - -4. Let c = -108 + 216. What is the highest common divisor of c and u?
36
Suppose -17*w + 1685 - 699 = 0. Calculate the greatest common divisor of w and 203.
29
Let f be (260/156)/((-2)/(-324)). What is the highest common factor of f and 60?
30
Let c = 232 - 111. Let o(p) = 2*p**2 + 1. Let d be o(1). Let f be (0 - d)*22/(-6). What is the greatest common divisor of c and f?
11
Let g be (-62 + 63)*(1 - -1920). What is the greatest common factor of 17 and g?
17
Suppose -5*y - 417 - 258 = 0. Let v be (y/2)/(-9)*10. Calculate the greatest common factor of 30 and v.
15
Let p(l) = -l**2 + 6*l + 7. Let r be p(7). Suppose r*x = 3*x - 30. Calculate the highest common divisor of 2 and x.
2
Let r(z) = -9*z - 31. Let t be r(-9). Let o = t - 14. What is the highest common factor of o and 90?
18
Suppose 0 = 3*q - 2*w - 110, -6*q = -2*q - 2*w - 148. Calculate the highest common factor of q and 418.
38
Let i be 1 + (4 + -3)*-4. Let b be (i/6 - (-1)/(-2)) + 3. Calculate the highest common factor of b and 16.
2
Let f(i) = -3*i - 7. Let n be -1*(-4)/(20/(-25)). Let w be f(n). Calculate the highest common factor of w and 4.
4
Suppose -54*i = -49*i - 600. Calculate the greatest common factor of 40 and i.
40
Suppose -5*p + 14 + 46 = 0. Let a be 2 + p/18 + (-1411)/(-3). Calculate the highest common factor of a and 43.
43
Suppose -2 = -3*r + 118. Let o(p) = -p**3 - 7*p**2 - 7*p - 1. Let m be o(-6). What is the highest common divisor of m and r?
5
Let s be (105/(-4))/(27/(-72)). Suppose -f = -s - 38. What is the greatest common factor of f and 27?
27
Let s be ((-32)/20)/((-4)/70). Suppose 2*r - 3*t + 7 = -0*t, 2*r + 4*t - s = 0. What is the greatest common divisor of r and 10?
2
Let w = 1492 - 335. What is the greatest common factor of w and 13?
13
Suppose -s + 2*x = 2*s - 47, -3*s = 4*x - 77. Let h = s + -13. Suppose -i = w - 2, -3*i + w + 6 = 2*w. Calculate the highest common factor of h and i.
2
Let u(j) be the second derivative of -j**3/2 + 11*j**2 - 11*j. Let l be u(7). Let c be l/(-2) - (-11)/2. Calculate the highest common factor of 2 and c.
1
Suppose 3*s + 63 = -2*x, s - 2*x - x + 32 = 0. Suppose 52 = 2*h - k, -5*k + 24 = 3*h - 41. Let i = h + s. What is the greatest common divisor of i and 4?
2
Let s be -11 + 15 - (-36)/2. Calculate the greatest common factor of 2 and s.
2
Let u be (-175)/(-4) - 3*(-6)/72. Suppose 3*j - 167 = -u. Calculate the highest common divisor of 328 and j.
41
